Calculate the remainder when 330 is divided by 133.
64
Calculate the remainder when 1372 is divided by 244.
152
What is the remainder when 177 is divided by 21?
9
What is the remainder when 189 is divided by 12?
9
Calculate the remainder when 245 is divided by 165.
80
What is the remainder when 299 is divided by 45?
29
What is the remainder when 164 is divided by 21?
17
What is the remainder when 61 is divided by 3?
1
What is the remainder when 531 is divided by 41?
39
Calculate the remainder when 207 is divided by 24.
15
What is the remainder when 2697 is divided by 26?
19
Calculate the remainder when 3105 is divided by 48.
33
What is the remainder when 675 is divided by 170?
165
What is the remainder when 1761 is divided by 444?
429
What is the remainder when 1668 is divided by 87?
15
Calculate the remainder when 343 is divided by 30.
13
What is the remainder when 673 is divided by 173?
154
What is the remainder when 262 is divided by 33?
31
Calculate the remainder when 79 is divided by 19.
3
Calculate the remainder when 85271 is divided by 209.
208
Calculate the remainder when 432 is divided by 105.
12
Calculate the remainder when 30743 is divided by 168.
167
Calculate the remainder when 340 is divided by 19.
17
Calculate the remainder when 1843 is divided by 142.
139
Calculate the remainder when 871 is divided by 38.
35
Calculate the remainder when 309 is divided by 43.
8
Calculate the remainder when 307 is divided by 94.
25
What is the remainder when 833 is divided by 39?
14
Calculate the remainder when 265 is divided by 42.
13
What is the remainder when 2692 is divided by 7?
4
What is the remainder when 589 is divided by 10?
9
What is the remainder when 9143 is divided by 17?
14
Calculate the remainder when 116 is divided by 12.
8
What is the remainder when 1270 is divided by 427?
416
What is the remainder when 7626 is divided by 13?
8
Calculate the remainder when 557 is divided by 20.
17
Calculate the remainder when 206 is divided by 28.
10
What is the remainder when 10801 is divided by 22?
21
What is the remainder when 383 is divided by 367?
16
What is the remainder when 145 is divided by 50?
45
What is the remainder when 2309 is divided by 257?
253
What is the remainder when 1837 is divided by 905?
27
What is the remainder when 150 is divided by 1?
0
Calculate the remainder when 272 is divided by 143.
129
Calculate the remainder when 50 is divided by 35.
15
What is the remainder when 144 is divided by 10?
4
Calculate the remainder when 55 is divided by 42.
13
What is the remainder when 3379 is divided by 374?
13
What is the remainder when 1216 is divided by 61?
57
Calculate the remainder when 8820 is divided by 51.
48
What is the remainder when 3927 is divided by 10?
7
What is the remainder when 478 is divided by 18?
10
Calculate the remainder when 4210 is divided by 43.
39
Calculate the remainder when 392 is divided by 80.
72
What is the remainder when 2479 is divided by 56?
15
What is the remainder when 9214 is divided by 13?
10
Calculate the remainder when 587 is divided by 64.
11
Calculate the remainder when 11373 is divided by 11.
10
What is the remainder when 640 is divided by 210?
10
What is the remainder when 137 is divided by 12?
5
What is the remainder when 20 is divided by 11?
9
What is the remainder when 400 is divided by 143?
114
What is the remainder when 948 is divided by 50?
48
Calculate the remainder when 2207 is divided by 96.
95
What is the remainder when 1079 is divided by 532?
15
Calculate the remainder when 538 is divided by 26.
18
Calculate the remainder when 368 is divided by 37.
35
Calculate the remainder when 232 is divided by 46.
2
What is the remainder when 108 is divided by 10?
8
What is the remainder when 3263 is divided by 466?
1
What is the remainder when 104 is divided by 12?
8
Calculate the remainder when 143 is divided by 38.
29
Calculate the remainder when 3167 is divided by 79.
7
Calculate the remainder when 130 is divided by 64.
2
What is the remainder when 42 is divided by 16?
10
Calculate the remainder when 174 is divided by 57.
3
Calculate the remainder when 359 is divided by 37.
26
Calculate the remainder when 2137 is divided by 711.
4
What is the remainder when 62 is divided by 11?
7
Calculate the remainder when 505 is divided by 73.
67
Calculate the remainder when 66 is divided by 17.
15
What is the remainder when 892 is divided by 14?
10
What is the remainder when 100 is divided by 54?
46
Calculate the remainder when 14122 is divided by 125.
122
What is the remainder when 703 is divided by 47?
45
What is the remainder when 3175 is divided by 212?
207
What is the remainder when 221 is divided by 66?
23
Calculate the remainder when 541 is divided by 82.
49
What is the remainder when 2710 is divided by 888?
46
Calculate the remainder when 846 is divided by 77.
76
What is the remainder when 28 is divided by 10?
8
What is the remainder when 27 is divided by 3?
0
Calculate the remainder when 782 is divided by 377.
28
What is the remainder when 1120 is divided by 230?
200
What is the remainder when 352 is divided by 102?
46
Calculate the remainder when 12333 is divided by 73.
69
What is the remainder when 121 is divided by 24?
1
Calculate the remainder when 302 is divided by 8.
6
Calculate the remainder when 140 is divided by 24.
20
Calculate the remainder when 85 is divided by 15.
10
Calculate the remainder when 1168 is divided by 59.
47
Calculate the remainder when 1538 is divided by 258.
248
Calculate the remainder when 458 is divided by 18.
8
Calculate the remainder when 150 is divided by 7.
3
Calculate the remainder when 135 is divided by 72.
63
What is the remainder when 484 is divided by 85?
59
What is the remainder when 617 is divided by 305?
7
Calculate the remainder when 113 is divided by 72.
41
What is the remainder when 193 is divided by 28?
25
Calculate the remainder when 130 is divided by 67.
63
Calculate the remainder when 128 is divided by 39.
11
Calculate the remainder when 78 is divided by 18.
6
Calculate the remainder when 31 is divided by 22.
9
Calculate the remainder when 10977 is divided by 180.
177
Calculate the remainder when 2429 is divided by 30.
29
What is the remainder when 199 is divided by 5?
4
What is the remainder when 1136 is divided by 114?
110
What is the remainder when 526 is divided by 12?
10
What is the remainder when 181 is divided by 152?
29
What is the remainder when 357 is divided by 93?
78
What is the remainder when 101 is divided by 40?
21
Calculate the remainder when 1033 is divided by 344.
1
What is the remainder when 941 is divided by 38?
29
Calculate the remainder when 291 is divided by 35.
11
What is the remainder when 1560 is divided by 46?
42
Calculate the remainder when 43 is divided by 6.
1
What is the remainder when 179 is divided by 13?
10
What is the remainder when 214 is divided by 26?
6
Calculate the remainder when 436 is divided by 130.
46
Calculate the remainder when 334 is divided by 89.
67
What is the remainder when 77 is divided by 44?
33
What is the remainder when 259 is divided by 44?
39
What is the remainder when 336 is divided by 57?
51
Calculate the remainder when 2790 is divided by 927.
9
What is the remainder when 300 is divided by 24?
12
What is the remainder when 2175 is divided by 14?
5
What is the remainder when 518 is divided by 20?
18
What is the remainder when 58 is divided by 33?
25
What is the remainder when 4414 is divided by 47?
43
Calculate the remainder when 60599 is divided by 20.
19
Calculate the remainder when 5233 is divided by 30.
13
Calculate the remainder when 1154 is divided by 105.
104
Calculate the remainder when 165 is divided by 57.
51
Calculate the remainder when 297 is divided by 93.
18
Calculate the remainder when 219 is divided by 28.
23
What is the remainder when 26064 is divided by 133?
129
Calculate the remainder when 1675 is divided by 245.
205
What is the remainder when 68 is divided by 63?
5
What is the remainder when 1927 is divided by 81?
64
Calculate the remainder when 9415 is divided by 11.
10
Calculate the remainder when 640 is divided by 355.
285
Calculate the remainder when 133 is divided by 15.
13
Calculate the remainder when 248 is divided by 24.
8
Calculate the remainder when 771